{"id":23,"date":"2024-08-09T10:39:59","date_gmt":"2024-08-09T08:39:59","guid":{"rendered":"https:\/\/jedlinski-restrukturyzacja.pl\/?page_id=23"},"modified":"2024-09-01T18:37:17","modified_gmt":"2024-09-01T16:37:17","slug":"upadlosc","status":"publish","type":"page","link":"https:\/\/jedlinski-restrukturyzacja.pl\/?page_id=23","title":{"rendered":"UPAD\u0141O\u015a\u0106"},"content":{"rendered":"\t\t<div data-elementor-type=\"wp-page\" data-elementor-id=\"23\" class=\"elementor elementor-23\" data-elementor-post-type=\"page\">\n\t\t\t\t<div class=\"elementor-element elementor-element-03638c9 e-flex e-con-boxed e-con e-parent\" data-id=\"03638c9\" data-element_type=\"container\" data-settings=\"{&quot;background_background&quot;:&quot;classic&quot;}\">\n\t\t\t\t\t<div class=\"e-con-inner\">\n\t\t<div class=\"elementor-element elementor-element-575d3de e-con-full e-flex e-con e-child\" data-id=\"575d3de\" data-element_type=\"container\">\n\t\t\t\t<div class=\"elementor-element elementor-element-055218a animated-slow elementor-invisible elementor-widget elementor-widget-heading\" data-id=\"055218a\" data-element_type=\"widget\" data-settings=\"{&quot;_animation&quot;:&quot;slideInUp&quot;}\" data-widget_type=\"heading.default\">\n\t\t\t\t<div class=\"elementor-widget-container\">\n\t\t\t<h2 class=\"elementor-heading-title elementor-size-default\">Doradztwo Restrukturyzacyjne<\/h2>\t\t<\/div>\n\t\t\t\t<\/div>\n\t\t\t\t<div class=\"elementor-element elementor-element-feb8c35 animated-slow elementor-invisible elementor-widget elementor-widget-heading\" data-id=\"feb8c35\" data-element_type=\"widget\" data-settings=\"{&quot;_animation&quot;:&quot;slideInUp&quot;}\" data-widget_type=\"heading.default\">\n\t\t\t\t<div class=\"elementor-widget-container\">\n\t\t\t<h2 class=\"elementor-heading-title elementor-size-default\">Post\u0119powanie Upad\u0142o\u015bciowe<\/h2>\t\t<\/div>\n\t\t\t\t<\/div>\n\t\t\t\t<div class=\"elementor-element elementor-element-991bfec elementor-widget elementor-widget-text-editor\" data-id=\"991bfec\" data-element_type=\"widget\" data-widget_type=\"text-editor.default\">\n\t\t\t\t<div class=\"elementor-widget-container\">\n\t\t\t\t\t\t\t<p>Post\u0119powanie upad\u0142o\u015bciowe to procedura prawna, kt\u00f3rej celem jest likwidacja maj\u0105tku niewyp\u0142acalnego d\u0142u\u017cnika w celu sp\u0142aty jego zobowi\u0105za\u0144 wobec wierzycieli. Proces ten jest prowadzony pod nadzorem s\u0105du i ma na celu uporz\u0105dkowanie d\u0142ug\u00f3w d\u0142u\u017cnika, a nast\u0119pnie ich rozliczenie poprzez sprzeda\u017c jego aktyw\u00f3w. W wyniku post\u0119powania upad\u0142o\u015bciowego przedsi\u0119biorstwo zazwyczaj ko\u0144czy swoj\u0105 dzia\u0142alno\u015b\u0107, a uzyskane \u015brodki s\u0105 dzielone pomi\u0119dzy wierzycieli zgodnie z przyj\u0119tymi zasadami.<\/p>\t\t\t\t\t\t<\/div>\n\t\t\t\t<\/div>\n\t\t\t\t<\/div>\n\t\t\t\t<div class=\"elementor-element elementor-element-2036fc8 elementor-widget elementor-widget-image\" data-id=\"2036fc8\" data-element_type=\"widget\" data-widget_type=\"image.default\">\n\t\t\t\t<div class=\"elementor-widget-container\">\n\t\t\t\t\t\t\t\t\t\t\t\t\t<img fetchpriority=\"high\" decoding=\"async\" width=\"1536\" height=\"1021\" src=\"https:\/\/jedlinski-restrukturyzacja.pl\/wp-content\/uploads\/2024\/08\/pexels-pixabay-48148-1536x1021.jpg\" class=\"attachment-1536x1536 size-1536x1536 wp-image-231\" alt=\"\" srcset=\"https:\/\/jedlinski-restrukturyzacja.pl\/wp-content\/uploads\/2024\/08\/pexels-pixabay-48148-1536x1021.jpg 1536w, https:\/\/jedlinski-restrukturyzacja.pl\/wp-content\/uploads\/2024\/08\/pexels-pixabay-48148-300x199.jpg 300w, https:\/\/jedlinski-restrukturyzacja.pl\/wp-content\/uploads\/2024\/08\/pexels-pixabay-48148-1024x681.jpg 1024w, https:\/\/jedlinski-restrukturyzacja.pl\/wp-content\/uploads\/2024\/08\/pexels-pixabay-48148-768x511.jpg 768w, https:\/\/jedlinski-restrukturyzacja.pl\/wp-content\/uploads\/2024\/08\/pexels-pixabay-48148-2048x1362.jpg 2048w\" sizes=\"(max-width: 1536px) 100vw, 1536px\" \/>\t\t\t\t\t\t\t\t\t\t\t\t\t<\/div>\n\t\t\t\t<\/div>\n\t\t\t\t\t<\/div>\n\t\t\t\t<\/div>\n\t\t\t\t<section class=\"elementor-section elementor-top-section elementor-element elementor-element-5a2e04d elementor-section-boxed elementor-section-height-default elementor-section-height-default elementor-invisible\" data-id=\"5a2e04d\" data-element_type=\"section\" data-settings=\"{&quot;background_background&quot;:&quot;classic&quot;,&quot;animation&quot;:&quot;fadeInLeft&quot;}\">\n\t\t\t\t\t\t<div class=\"elementor-container elementor-column-gap-default\">\n\t\t\t\t\t<div class=\"elementor-column elementor-col-50 elementor-top-column elementor-element elementor-element-3f0c65c\" data-id=\"3f0c65c\" data-element_type=\"column\" data-settings=\"{&quot;background_background&quot;:&quot;classic&quot;}\">\n\t\t\t<div class=\"elementor-widget-wrap elementor-element-populated\">\n\t\t\t\t\t\t<section class=\"elementor-section elementor-inner-section elementor-element elementor-element-5b485e7 elementor-section-boxed elementor-section-height-default elementor-section-height-default\" data-id=\"5b485e7\" data-element_type=\"section\">\n\t\t\t\t\t\t<div class=\"elementor-container elementor-column-gap-default\">\n\t\t\t\t\t<div class=\"elementor-column elementor-col-100 elementor-inner-column elementor-element elementor-element-d379c16\" data-id=\"d379c16\" data-element_type=\"column\">\n\t\t\t<div class=\"elementor-widget-wrap elementor-element-populated\">\n\t\t\t\t\t\t<div class=\"elementor-element elementor-element-58e7e9a elementor-widget elementor-widget-elementskit-heading\" data-id=\"58e7e9a\" data-element_type=\"widget\" data-widget_type=\"elementskit-heading.default\">\n\t\t\t\t<div class=\"elementor-widget-container\">\n\t\t\t<div class=\"ekit-wid-con\" ><div class=\"ekit-heading elementskit-section-title-wraper text_left   ekit_heading_tablet-   ekit_heading_mobile-\"><div class=\"ekit_heading_separetor_wraper ekit_heading_elementskit-border-divider elementskit-style-long\"><div class=\"elementskit-border-divider elementskit-style-long\"><\/div><\/div><h2 class=\"ekit-heading--title elementskit-section-title \">Upad\u0142o\u015bci<\/h2><\/div><\/div>\t\t<\/div>\n\t\t\t\t<\/div>\n\t\t\t\t\t<\/div>\n\t\t<\/div>\n\t\t\t\t\t<\/div>\n\t\t<\/section>\n\t\t\t\t<section class=\"elementor-section elementor-inner-section elementor-element elementor-element-7f902fe elementor-section-boxed elementor-section-height-default elementor-section-height-default\" data-id=\"7f902fe\" data-element_type=\"section\">\n\t\t\t\t\t\t<div class=\"elementor-container elementor-column-gap-default\">\n\t\t\t\t\t<div class=\"elementor-column elementor-col-50 elementor-inner-column elementor-element elementor-element-a8109b1\" data-id=\"a8109b1\" data-element_type=\"column\">\n\t\t\t<div class=\"elementor-widget-wrap elementor-element-populated\">\n\t\t\t\t\t\t<div class=\"elementor-element elementor-element-79dc875 ekit-equal-height-disable elementor-widget elementor-widget-elementskit-icon-box\" data-id=\"79dc875\" data-element_type=\"widget\" data-widget_type=\"elementskit-icon-box.default\">\n\t\t\t\t<div class=\"elementor-widget-container\">\n\t\t\t<div class=\"ekit-wid-con\" >        <!-- link opening -->\n                <a href=\"https:\/\/jedlinski-restrukturyzacja.pl\/?page_id=21\" class=\"ekit_global_links\">\n                <!-- end link opening -->\n\n        <div class=\"elementskit-infobox text-left text-left icon-lef-right-aligin elementor-animation- media  \">\n                    <div class=\"elementskit-box-header elementor-animation-\">\n                <div class=\"elementskit-info-box-icon  text-center\">\n                    <i aria-hidden=\"true\" class=\"elementkit-infobox-icon icon icon-money-bag\"><\/i>\n                <\/div>\n          <\/div>\n                        <div class=\"box-body\">\n                            <h3 class=\"elementskit-info-box-title\">\n                    Redukcja zad\u0142u\u017cenia                 <\/h3>\n                        \t\t  <p>Stawiamy na pom\u00f3c w odzyskaniu r\u00f3wnowagi finansowej firmy i kontynuowanie jej dzia\u0142alno\u015bci.<\/p>\n                                <\/div>\n        \n        \n                <\/div>\n                <\/a>\n        <\/div>\t\t<\/div>\n\t\t\t\t<\/div>\n\t\t\t\t\t<\/div>\n\t\t<\/div>\n\t\t\t\t<div class=\"elementor-column elementor-col-50 elementor-inner-column elementor-element elementor-element-e7c89c6\" data-id=\"e7c89c6\" data-element_type=\"column\">\n\t\t\t<div class=\"elementor-widget-wrap elementor-element-populated\">\n\t\t\t\t\t\t<div class=\"elementor-element elementor-element-7f5177c ekit-equal-height-disable elementor-widget elementor-widget-elementskit-icon-box\" data-id=\"7f5177c\" data-element_type=\"widget\" data-widget_type=\"elementskit-icon-box.default\">\n\t\t\t\t<div class=\"elementor-widget-container\">\n\t\t\t<div class=\"ekit-wid-con\" >        <!-- link opening -->\n                <a href=\"https:\/\/jedlinski-restrukturyzacja.pl\/?page_id=21\" class=\"ekit_global_links\">\n                <!-- end link opening -->\n\n        <div class=\"elementskit-infobox text-left text-left icon-lef-right-aligin elementor-animation- media  \">\n                    <div class=\"elementskit-box-header elementor-animation-\">\n                <div class=\"elementskit-info-box-icon  text-center\">\n                    <i aria-hidden=\"true\" class=\"elementkit-infobox-icon icon icon-management\"><\/i>\n                <\/div>\n          <\/div>\n                        <div class=\"box-body\">\n                            <h3 class=\"elementskit-info-box-title\">\n                    Konsultacje                <\/h3>\n                        \t\t  <p>\u015awiadczymy kompleksowe konsultacje z zakresu prawa gospodarczego i nie tylko.<\/p>\n                                <\/div>\n        \n        \n                <\/div>\n                <\/a>\n        <\/div>\t\t<\/div>\n\t\t\t\t<\/div>\n\t\t\t\t\t<\/div>\n\t\t<\/div>\n\t\t\t\t\t<\/div>\n\t\t<\/section>\n\t\t\t\t<section class=\"elementor-section elementor-inner-section elementor-element elementor-element-211d7d7 elementor-section-boxed elementor-section-height-default elementor-section-height-default\" data-id=\"211d7d7\" data-element_type=\"section\">\n\t\t\t\t\t\t<div class=\"elementor-container elementor-column-gap-default\">\n\t\t\t\t\t<div class=\"elementor-column elementor-col-50 elementor-inner-column elementor-element elementor-element-1bec948\" data-id=\"1bec948\" data-element_type=\"column\">\n\t\t\t<div class=\"elementor-widget-wrap elementor-element-populated\">\n\t\t\t\t\t\t<div class=\"elementor-element elementor-element-355a6c1 ekit-equal-height-disable elementor-widget elementor-widget-elementskit-icon-box\" data-id=\"355a6c1\" data-element_type=\"widget\" data-widget_type=\"elementskit-icon-box.default\">\n\t\t\t\t<div class=\"elementor-widget-container\">\n\t\t\t<div class=\"ekit-wid-con\" >        <!-- link opening -->\n                <a href=\"https:\/\/jedlinski-restrukturyzacja.pl\/?page_id=21\" class=\"ekit_global_links\">\n                <!-- end link opening -->\n\n        <div class=\"elementskit-infobox text-left text-left icon-lef-right-aligin elementor-animation- media  \">\n                    <div class=\"elementskit-box-header elementor-animation-\">\n                <div class=\"elementskit-info-box-icon  text-center\">\n                    <i aria-hidden=\"true\" class=\"elementkit-infobox-icon icon icon-justice\"><\/i>\n                <\/div>\n          <\/div>\n                        <div class=\"box-body\">\n                            <h3 class=\"elementskit-info-box-title\">\n                    Obs\u0142uga Prawna                <\/h3>\n                        \t\t  <p>Obs\u0142ugujemy przedsi\u0119biorstwa jak i klient\u00f3w indywidualnych. Nasza specjalizacja to prawo gospodarcze.<\/p>\n                                <\/div>\n        \n        \n                <\/div>\n                <\/a>\n        <\/div>\t\t<\/div>\n\t\t\t\t<\/div>\n\t\t\t\t\t<\/div>\n\t\t<\/div>\n\t\t\t\t<div class=\"elementor-column elementor-col-50 elementor-inner-column elementor-element elementor-element-8e79fb4\" data-id=\"8e79fb4\" data-element_type=\"column\">\n\t\t\t<div class=\"elementor-widget-wrap elementor-element-populated\">\n\t\t\t\t\t\t<div class=\"elementor-element elementor-element-e27ac2b ekit-equal-height-disable elementor-widget elementor-widget-elementskit-icon-box\" data-id=\"e27ac2b\" data-element_type=\"widget\" data-widget_type=\"elementskit-icon-box.default\">\n\t\t\t\t<div class=\"elementor-widget-container\">\n\t\t\t<div class=\"ekit-wid-con\" >        <!-- link opening -->\n                <a href=\"https:\/\/jedlinski-restrukturyzacja.pl\/?page_id=21\" class=\"ekit_global_links\">\n                <!-- end link opening -->\n\n        <div class=\"elementskit-infobox text-left text-left icon-lef-right-aligin elementor-animation- media  \">\n                    <div class=\"elementskit-box-header elementor-animation-\">\n                <div class=\"elementskit-info-box-icon  text-center\">\n                    <i aria-hidden=\"true\" class=\"elementkit-infobox-icon icon icon-pen\"><\/i>\n                <\/div>\n          <\/div>\n                        <div class=\"box-body\">\n                            <h3 class=\"elementskit-info-box-title\">\n                    Pisanie Wniosk\u00f3w                <\/h3>\n                        \t\t  <p>Zajmujemy si\u0119 obs\u0142ug\u0105 naszych klient\u00f3w na wszelkich etapach post\u0119powa\u0144.<\/p>\n                                <\/div>\n        \n        \n                <\/div>\n                <\/a>\n        <\/div>\t\t<\/div>\n\t\t\t\t<\/div>\n\t\t\t\t\t<\/div>\n\t\t<\/div>\n\t\t\t\t\t<\/div>\n\t\t<\/section>\n\t\t\t\t\t<\/div>\n\t\t<\/div>\n\t\t\t\t<div class=\"elementor-column elementor-col-50 elementor-top-column elementor-element elementor-element-8a4bb9c elementor-hidden-tablet elementor-hidden-phone\" data-id=\"8a4bb9c\" data-element_type=\"column\">\n\t\t\t<div class=\"elementor-widget-wrap elementor-element-populated\">\n\t\t\t\t\t\t<div class=\"elementor-element elementor-element-f867572 elementor-widget__width-initial elementor-widget elementor-widget-image\" data-id=\"f867572\" data-element_type=\"widget\" data-widget_type=\"image.default\">\n\t\t\t\t<div class=\"elementor-widget-container\">\n\t\t\t\t\t\t\t\t\t\t\t\t\t<img decoding=\"async\" width=\"1024\" height=\"683\" src=\"https:\/\/jedlinski-restrukturyzacja.pl\/wp-content\/uploads\/2024\/08\/pexels-olly-859264-1024x683.jpg\" class=\"attachment-large size-large wp-image-278\" alt=\"\" srcset=\"https:\/\/jedlinski-restrukturyzacja.pl\/wp-content\/uploads\/2024\/08\/pexels-olly-859264-1024x683.jpg 1024w, https:\/\/jedlinski-restrukturyzacja.pl\/wp-content\/uploads\/2024\/08\/pexels-olly-859264-300x200.jpg 300w, https:\/\/jedlinski-restrukturyzacja.pl\/wp-content\/uploads\/2024\/08\/pexels-olly-859264-768x512.jpg 768w, https:\/\/jedlinski-restrukturyzacja.pl\/wp-content\/uploads\/2024\/08\/pexels-olly-859264-1536x1024.jpg 1536w, https:\/\/jedlinski-restrukturyzacja.pl\/wp-content\/uploads\/2024\/08\/pexels-olly-859264-2048x1365.jpg 2048w\" sizes=\"(max-width: 1024px) 100vw, 1024px\" \/>\t\t\t\t\t\t\t\t\t\t\t\t\t<\/div>\n\t\t\t\t<\/div>\n\t\t\t\t\t<\/div>\n\t\t<\/div>\n\t\t\t\t\t<\/div>\n\t\t<\/section>\n\t\t\t\t<\/div>\n\t\t","protected":false},"excerpt":{"rendered":"<p>Doradztwo Restrukturyzacyjne Post\u0119powanie Upad\u0142o\u015bciowe Post\u0119powanie upad\u0142o\u015bciowe to procedura prawna, kt\u00f3rej celem jest likwidacja maj\u0105tku niewyp\u0142acalnego d\u0142u\u017cnika w celu sp\u0142aty jego [&hellip;]<\/p>\n","protected":false},"author":1,"featured_media":0,"parent":0,"menu_order":0,"comment_status":"closed","ping_status":"closed","template":"","meta":{"site-sidebar-layout":"no-sidebar","site-content-layout":"","ast-site-content-layout":"full-width-container","site-content-style":"default","site-sidebar-style":"default","ast-global-header-display":"","ast-banner-title-visibility":"","ast-main-header-display":"","ast-hfb-above-header-display":"","ast-hfb-below-header-display":"","ast-hfb-mobile-header-display":"","site-post-title":"disabled","ast-breadcrumbs-content":"","ast-featured-img":"disabled","footer-sml-layout":"","theme-transparent-header-meta":"","adv-header-id-meta":"","stick-header-meta":"","header-above-stick-meta":"","header-main-stick-meta":"","header-below-stick-meta":"","astra-migrate-meta-layouts":"default","ast-page-background-enabled":"default","ast-page-background-meta":{"desktop":{"background-color":"var(--ast-global-color-4)","background-image":"","background-repeat":"repeat","background-position":"center center","background-size":"auto","background-attachment":"scroll","background-type":"","background-media":"","overlay-type":"","overlay-color":"","overlay-opacity":"","overlay-gradient":""},"tablet":{"background-color":"","background-image":"","background-repeat":"repeat","background-position":"center center","background-size":"auto","background-attachment":"scroll","background-type":"","background-media":"","overlay-type":"","overlay-color":"","overlay-opacity":"","overlay-gradient":""},"mobile":{"background-color":"","background-image":"","background-repeat":"repeat","background-position":"center center","background-size":"auto","background-attachment":"scroll","background-type":"","background-media":"","overlay-type":"","overlay-color":"","overlay-opacity":"","overlay-gradient":""}},"ast-content-background-meta":{"desktop":{"background-color":"var(--ast-global-color-5)","background-image":"","background-repeat":"repeat","background-position":"center center","background-size":"auto","background-attachment":"scroll","background-type":"","background-media":"","overlay-type":"","overlay-color":"","overlay-opacity":"","overlay-gradient":""},"tablet":{"background-color":"var(--ast-global-color-5)","background-image":"","background-repeat":"repeat","background-position":"center center","background-size":"auto","background-attachment":"scroll","background-type":"","background-media":"","overlay-type":"","overlay-color":"","overlay-opacity":"","overlay-gradient":""},"mobile":{"background-color":"var(--ast-global-color-5)","background-image":"","background-repeat":"repeat","background-position":"center center","background-size":"auto","background-attachment":"scroll","background-type":"","background-media":"","overlay-type":"","overlay-color":"","overlay-opacity":"","overlay-gradient":""}},"footnotes":""},"class_list":["post-23","page","type-page","status-publish","hentry"],"yoast_head":"<!-- This site is optimized with the Yoast SEO plugin v23.3 - https:\/\/yoast.com\/wordpress\/plugins\/seo\/ -->\n<title>Post\u0119powanie Upad\u0142o\u015bciowe - Jedli\u0144ski i Wsp\u00f3lnicy<\/title>\n<meta name=\"description\" content=\"Wsp\u00f3lnicy w naszej kancelarii pe\u0142ni\u0105 rol\u0119 syndyk\u00f3w w post\u0119powaniach upad\u0142o\u015bciowych. Zapraszamy do kontaktu.\" \/>\n<meta name=\"robots\" content=\"index, follow, max-snippet:-1, max-image-preview:large, max-video-preview:-1\" \/>\n<link rel=\"canonical\" href=\"https:\/\/jedlinski-restrukturyzacja.pl\/?page_id=23\" \/>\n<meta property=\"og:locale\" content=\"en_US\" \/>\n<meta property=\"og:type\" content=\"article\" \/>\n<meta property=\"og:title\" content=\"Post\u0119powanie Upad\u0142o\u015bciowe - Jedli\u0144ski i Wsp\u00f3lnicy\" \/>\n<meta property=\"og:description\" content=\"Wsp\u00f3lnicy w naszej kancelarii pe\u0142ni\u0105 rol\u0119 syndyk\u00f3w w post\u0119powaniach upad\u0142o\u015bciowych. Zapraszamy do kontaktu.\" \/>\n<meta property=\"og:url\" content=\"https:\/\/jedlinski-restrukturyzacja.pl\/?page_id=23\" \/>\n<meta property=\"og:site_name\" content=\"Jedli\u0144ski-Restrukturyzacja\" \/>\n<meta property=\"article:modified_time\" content=\"2024-09-01T16:37:17+00:00\" \/>\n<meta property=\"og:image\" content=\"https:\/\/jedlinski-restrukturyzacja.pl\/wp-content\/uploads\/2024\/08\/pexels-pixabay-48148-1536x1021.jpg\" \/>\n<meta name=\"twitter:card\" content=\"summary_large_image\" \/>\n<meta name=\"twitter:label1\" content=\"Est. reading time\" \/>\n\t<meta name=\"twitter:data1\" content=\"2 minutes\" \/>\n<script type=\"application\/ld+json\" class=\"yoast-schema-graph\">{\"@context\":\"https:\/\/schema.org\",\"@graph\":[{\"@type\":\"WebPage\",\"@id\":\"https:\/\/jedlinski-restrukturyzacja.pl\/?page_id=23\",\"url\":\"https:\/\/jedlinski-restrukturyzacja.pl\/?page_id=23\",\"name\":\"Post\u0119powanie Upad\u0142o\u015bciowe - Jedli\u0144ski i Wsp\u00f3lnicy\",\"isPartOf\":{\"@id\":\"https:\/\/jedlinski-restrukturyzacja.pl\/#website\"},\"primaryImageOfPage\":{\"@id\":\"https:\/\/jedlinski-restrukturyzacja.pl\/?page_id=23#primaryimage\"},\"image\":{\"@id\":\"https:\/\/jedlinski-restrukturyzacja.pl\/?page_id=23#primaryimage\"},\"thumbnailUrl\":\"https:\/\/jedlinski-restrukturyzacja.pl\/wp-content\/uploads\/2024\/08\/pexels-pixabay-48148-1536x1021.jpg\",\"datePublished\":\"2024-08-09T08:39:59+00:00\",\"dateModified\":\"2024-09-01T16:37:17+00:00\",\"description\":\"Wsp\u00f3lnicy w naszej kancelarii pe\u0142ni\u0105 rol\u0119 syndyk\u00f3w w post\u0119powaniach upad\u0142o\u015bciowych. Zapraszamy do kontaktu.\",\"breadcrumb\":{\"@id\":\"https:\/\/jedlinski-restrukturyzacja.pl\/?page_id=23#breadcrumb\"},\"inLanguage\":\"en-US\",\"potentialAction\":[{\"@type\":\"ReadAction\",\"target\":[\"https:\/\/jedlinski-restrukturyzacja.pl\/?page_id=23\"]}]},{\"@type\":\"ImageObject\",\"inLanguage\":\"en-US\",\"@id\":\"https:\/\/jedlinski-restrukturyzacja.pl\/?page_id=23#primaryimage\",\"url\":\"https:\/\/jedlinski-restrukturyzacja.pl\/wp-content\/uploads\/2024\/08\/pexels-pixabay-48148.jpg\",\"contentUrl\":\"https:\/\/jedlinski-restrukturyzacja.pl\/wp-content\/uploads\/2024\/08\/pexels-pixabay-48148.jpg\",\"width\":3008,\"height\":2000},{\"@type\":\"BreadcrumbList\",\"@id\":\"https:\/\/jedlinski-restrukturyzacja.pl\/?page_id=23#breadcrumb\",\"itemListElement\":[{\"@type\":\"ListItem\",\"position\":1,\"name\":\"Strona g\u0142\u00f3wna\",\"item\":\"https:\/\/jedlinski-restrukturyzacja.pl\/\"},{\"@type\":\"ListItem\",\"position\":2,\"name\":\"UPAD\u0141O\u015a\u0106\"}]},{\"@type\":\"WebSite\",\"@id\":\"https:\/\/jedlinski-restrukturyzacja.pl\/#website\",\"url\":\"https:\/\/jedlinski-restrukturyzacja.pl\/\",\"name\":\"Jedli\u0144ski-Restrukturyzacja\",\"description\":\"\",\"potentialAction\":[{\"@type\":\"SearchAction\",\"target\":{\"@type\":\"EntryPoint\",\"urlTemplate\":\"https:\/\/jedlinski-restrukturyzacja.pl\/?s={search_term_string}\"},\"query-input\":\"required name=search_term_string\"}],\"inLanguage\":\"en-US\"}]}<\/script>\n<!-- \/ Yoast SEO plugin. -->","yoast_head_json":{"title":"Post\u0119powanie Upad\u0142o\u015bciowe - Jedli\u0144ski i Wsp\u00f3lnicy","description":"Wsp\u00f3lnicy w naszej kancelarii pe\u0142ni\u0105 rol\u0119 syndyk\u00f3w w post\u0119powaniach upad\u0142o\u015bciowych. Zapraszamy do kontaktu.","robots":{"index":"index","follow":"follow","max-snippet":"max-snippet:-1","max-image-preview":"max-image-preview:large","max-video-preview":"max-video-preview:-1"},"canonical":"https:\/\/jedlinski-restrukturyzacja.pl\/?page_id=23","og_locale":"en_US","og_type":"article","og_title":"Post\u0119powanie Upad\u0142o\u015bciowe - Jedli\u0144ski i Wsp\u00f3lnicy","og_description":"Wsp\u00f3lnicy w naszej kancelarii pe\u0142ni\u0105 rol\u0119 syndyk\u00f3w w post\u0119powaniach upad\u0142o\u015bciowych. Zapraszamy do kontaktu.","og_url":"https:\/\/jedlinski-restrukturyzacja.pl\/?page_id=23","og_site_name":"Jedli\u0144ski-Restrukturyzacja","article_modified_time":"2024-09-01T16:37:17+00:00","og_image":[{"url":"https:\/\/jedlinski-restrukturyzacja.pl\/wp-content\/uploads\/2024\/08\/pexels-pixabay-48148-1536x1021.jpg"}],"twitter_card":"summary_large_image","twitter_misc":{"Est. reading time":"2 minutes"},"schema":{"@context":"https:\/\/schema.org","@graph":[{"@type":"WebPage","@id":"https:\/\/jedlinski-restrukturyzacja.pl\/?page_id=23","url":"https:\/\/jedlinski-restrukturyzacja.pl\/?page_id=23","name":"Post\u0119powanie Upad\u0142o\u015bciowe - Jedli\u0144ski i Wsp\u00f3lnicy","isPartOf":{"@id":"https:\/\/jedlinski-restrukturyzacja.pl\/#website"},"primaryImageOfPage":{"@id":"https:\/\/jedlinski-restrukturyzacja.pl\/?page_id=23#primaryimage"},"image":{"@id":"https:\/\/jedlinski-restrukturyzacja.pl\/?page_id=23#primaryimage"},"thumbnailUrl":"https:\/\/jedlinski-restrukturyzacja.pl\/wp-content\/uploads\/2024\/08\/pexels-pixabay-48148-1536x1021.jpg","datePublished":"2024-08-09T08:39:59+00:00","dateModified":"2024-09-01T16:37:17+00:00","description":"Wsp\u00f3lnicy w naszej kancelarii pe\u0142ni\u0105 rol\u0119 syndyk\u00f3w w post\u0119powaniach upad\u0142o\u015bciowych. Zapraszamy do kontaktu.","breadcrumb":{"@id":"https:\/\/jedlinski-restrukturyzacja.pl\/?page_id=23#breadcrumb"},"inLanguage":"en-US","potentialAction":[{"@type":"ReadAction","target":["https:\/\/jedlinski-restrukturyzacja.pl\/?page_id=23"]}]},{"@type":"ImageObject","inLanguage":"en-US","@id":"https:\/\/jedlinski-restrukturyzacja.pl\/?page_id=23#primaryimage","url":"https:\/\/jedlinski-restrukturyzacja.pl\/wp-content\/uploads\/2024\/08\/pexels-pixabay-48148.jpg","contentUrl":"https:\/\/jedlinski-restrukturyzacja.pl\/wp-content\/uploads\/2024\/08\/pexels-pixabay-48148.jpg","width":3008,"height":2000},{"@type":"BreadcrumbList","@id":"https:\/\/jedlinski-restrukturyzacja.pl\/?page_id=23#breadcrumb","itemListElement":[{"@type":"ListItem","position":1,"name":"Strona g\u0142\u00f3wna","item":"https:\/\/jedlinski-restrukturyzacja.pl\/"},{"@type":"ListItem","position":2,"name":"UPAD\u0141O\u015a\u0106"}]},{"@type":"WebSite","@id":"https:\/\/jedlinski-restrukturyzacja.pl\/#website","url":"https:\/\/jedlinski-restrukturyzacja.pl\/","name":"Jedli\u0144ski-Restrukturyzacja","description":"","potentialAction":[{"@type":"SearchAction","target":{"@type":"EntryPoint","urlTemplate":"https:\/\/jedlinski-restrukturyzacja.pl\/?s={search_term_string}"},"query-input":"required name=search_term_string"}],"inLanguage":"en-US"}]}},"_links":{"self":[{"href":"https:\/\/jedlinski-restrukturyzacja.pl\/index.php?rest_route=\/wp\/v2\/pages\/23","targetHints":{"allow":["GET"]}}],"collection":[{"href":"https:\/\/jedlinski-restrukturyzacja.pl\/index.php?rest_route=\/wp\/v2\/pages"}],"about":[{"href":"https:\/\/jedlinski-restrukturyzacja.pl\/index.php?rest_route=\/wp\/v2\/types\/page"}],"author":[{"embeddable":true,"href":"https:\/\/jedlinski-restrukturyzacja.pl\/index.php?rest_route=\/wp\/v2\/users\/1"}],"replies":[{"embeddable":true,"href":"https:\/\/jedlinski-restrukturyzacja.pl\/index.php?rest_route=%2Fwp%2Fv2%2Fcomments&post=23"}],"version-history":[{"count":10,"href":"https:\/\/jedlinski-restrukturyzacja.pl\/index.php?rest_route=\/wp\/v2\/pages\/23\/revisions"}],"predecessor-version":[{"id":883,"href":"https:\/\/jedlinski-restrukturyzacja.pl\/index.php?rest_route=\/wp\/v2\/pages\/23\/revisions\/883"}],"wp:attachment":[{"href":"https:\/\/jedlinski-restrukturyzacja.pl\/index.php?rest_route=%2Fwp%2Fv2%2Fmedia&parent=23"}],"curies":[{"name":"wp","href":"https:\/\/api.w.org\/{rel}","templated":true}]}}