{"id":608,"date":"2024-08-15T16:49:13","date_gmt":"2024-08-15T14:49:13","guid":{"rendered":"https:\/\/jedlinski-restrukturyzacja.pl\/?page_id=608"},"modified":"2024-08-15T16:51:18","modified_gmt":"2024-08-15T14:51:18","slug":"wojewodztwo-zachodniopomorskie-powiat-drawski","status":"publish","type":"page","link":"https:\/\/jedlinski-restrukturyzacja.pl\/?page_id=608","title":{"rendered":"wojew\u00f3dztwo zachodniopomorskie, powiat drawski"},"content":{"rendered":"\t\t<div data-elementor-type=\"wp-page\" data-elementor-id=\"608\" class=\"elementor elementor-608\" data-elementor-post-type=\"page\">\n\t\t\t\t<div class=\"elementor-element elementor-element-57965b3 e-flex e-con-boxed e-con e-parent\" data-id=\"57965b3\" data-element_type=\"container\">\n\t\t\t\t\t<div class=\"e-con-inner\">\n\t\t\t\t<div class=\"elementor-element elementor-element-0dceaad elementor-widget elementor-widget-heading\" data-id=\"0dceaad\" data-element_type=\"widget\" data-widget_type=\"heading.default\">\n\t\t\t\t<div class=\"elementor-widget-container\">\n\t\t\t<h2 class=\"elementor-heading-title elementor-size-default\">DORADCA RESTRUKTURYZACYJNY OFERUJE DO SPRZEDA\u017bY\n<\/h2>\t\t<\/div>\n\t\t\t\t<\/div>\n\t\t\t\t\t<\/div>\n\t\t\t\t<\/div>\n\t\t<div class=\"elementor-element elementor-element-883ab82 e-flex e-con-boxed e-con e-parent\" data-id=\"883ab82\" data-element_type=\"container\">\n\t\t\t\t\t<div class=\"e-con-inner\">\n\t\t\t\t<div class=\"elementor-element elementor-element-389d76a elementor-widget elementor-widget-text-editor\" data-id=\"389d76a\" data-element_type=\"widget\" data-widget_type=\"text-editor.default\">\n\t\t\t\t<div class=\"elementor-widget-container\">\n\t\t\t\t\t\t\t<p>Lokalizacja: wojew\u00f3dztwo zachodniopomorskie, powiat drawski<br><br>Nieruchomo\u015b\u0107 rolna zabudowana kompleksem budynk\u00f3w o charakterze produkcyjno<br>&#8211; magazynowym o \u0142\u0105cznej powierzchni 7,2488 ha, w tym teren zabudowany<br>3,3415 ha, stanowi\u0105ca zorganizowan\u0105 cz\u0119\u015b\u0107 mienia przedsi\u0119biorstwa.<br>W sk\u0142ad nieruchomo\u015bci wchodz\u0105 nast\u0119puj\u0105ce budynki i budowle:<br><br>1. parterowy budynek wolnostoj\u0105cy o pow. u\u017cytkowej 574 m2<br>instalacje: elektryczna, wodoci\u0105gowa, kanalizacja \u015bciekowa i pary zdekompletowane<br>2. parterowy budynek wolnostoj\u0105cy o pow. u\u017cytkowej 1.160 m2<br>instalacje: elektryczna, wodoci\u0105gowa, kanalizacja \u015bciekowa zdekompletowane<br>3. parterowy budynek wolnostoj\u0105cy o pow. u\u017cytkowej 1.160 m2<br>instalacje: elektryczna, wodoci\u0105gowa, kanalizacja \u015bciekowa zdekompletowane<br>4. parterowy budynek wolnostoj\u0105cy o pow. u\u017cytkowej 674 m2<br>instalacje: elektryczna, wodoci\u0105gowa, kanalizacja \u015bciekowa i c.o. zdekompletowane<br>5. parterowy budynek wolnostoj\u0105cy o pow. u\u017cytkowej 755 m2<br>instalacje: elektryczna<br>6. parterowy budynek wolnostoj\u0105cy (hydrofornia) o pow. u\u017cytkowej 59,1 m2<br>instalacje: elektryczna<br>7. parterowy budynek wolnostoj\u0105cy o pow. u\u017cytkowej 35,1 m2<br>instalacje: elektryczna, wodoci\u0105gowa<br>8. parterowy budynek biurowo &#8211; mieszkalny z kot\u0142owni\u0105 o pow. u\u017cytkowej<br>179,4 m2<br>instalacje: elektryczna, wod.- kan. i c.o.<br>9. parterowy budynek wolnostoj\u0105cy (portiernia) o pow. u\u017cytkowej 15,2 m2<br>instalacje: elektryczna<br>10. parterowy budynek wolnostoj\u0105cy o pow. u\u017cytkowej 6,0 m2<br>instalacje: brak<br>11. dwukomorowy silos przejazdowy o wymiarach 10,60 m x 24,30 m x 2 szt.<br>12. trzykomorowy silos przejazdowy o wymiarach 15,00 m x 49,00 m x 3 szt.<br>13. sk\u0142ad opa\u0142u o pow. zabudowy 35,0 m2<br>14. basen przeciwpo\u017carowy o pojemno\u015bci 450,0 m\u00b3<br>15. drogi i place wewn\u0119trzne o powierzchni utwardze\u0144 7.000,0 m2<br>16. ogrodzenie terenu o powierzchni 200,0 m2<br>17. zbiornik na szambo o poj. 200 m3<br>18. inne zbiorniki x 3 szt.<br><br>Uwagi techniczne: budynki s\u0105 w pe\u0142ni uzbrojone, znajduj\u0105 si\u0119 w \u015brednim stanie technicznym.<br>Z uwagi na rodzaj zastosowanych materia\u0142\u00f3w (eternit) konieczna jest wymiana pokrycia<br>dachowego. Niezb\u0119dne jest przeprowadzenie modernizacji budynk\u00f3w dostosowanej do<br>potrzeb inwestora.<br><br>W\/w nieruchomo\u015b\u0107 jest wolna od wszelkich obci\u0105\u017ce\u0144. W chwili obecnej nie jest u\u017cytkowana.<br>Wysoko\u015b\u0107 sta\u0142ych koszt\u00f3w jej posiadania (podatek gruntowy i podatek<br>od nieruchomo\u015bci) nie przekracza kwoty 1.500,00 z\u0142 w skali roku.<br><br>Doradca wskazuje, i\u017c w stosunku do w\/w nieruchomo\u015bci Krajowemu O\u015brodkowi Wsparcia<br>Rolnictwa przys\u0142uguje prawo pierwokupu.<br><br>Kontakt pod numerem telefonu: 665 454 333<\/p>\t\t\t\t\t\t<\/div>\n\t\t\t\t<\/div>\n\t\t\t\t\t<\/div>\n\t\t\t\t<\/div>\n\t\t\t\t<\/div>\n\t\t","protected":false},"excerpt":{"rendered":"<p>DORADCA RESTRUKTURYZACYJNY OFERUJE DO SPRZEDA\u017bY Lokalizacja: wojew\u00f3dztwo zachodniopomorskie, powiat drawski Nieruchomo\u015b\u0107 rolna zabudowana kompleksem budynk\u00f3w o charakterze produkcyjno&#8211; magazynowym o [&hellip;]<\/p>\n","protected":false},"author":1,"featured_media":0,"parent":0,"menu_order":0,"comment_status":"closed","ping_status":"closed","template":"","meta":{"site-sidebar-layout":"no-sidebar","site-content-layout":"","ast-site-content-layout":"full-width-container","site-content-style":"default","site-sidebar-style":"default","ast-global-header-display":"","ast-banner-title-visibility":"","ast-main-header-display":"","ast-hfb-above-header-display":"","ast-hfb-below-header-display":"","ast-hfb-mobile-header-display":"","site-post-title":"disabled","ast-breadcrumbs-content":"","ast-featured-img":"disabled","footer-sml-layout":"","theme-transparent-header-meta":"","adv-header-id-meta":"","stick-header-meta":"","header-above-stick-meta":"","header-main-stick-meta":"","header-below-stick-meta":"","astra-migrate-meta-layouts":"default","ast-page-background-enabled":"default","ast-page-background-meta":{"desktop":{"background-color":"var(--ast-global-color-4)","background-image":"","background-repeat":"repeat","background-position":"center center","background-size":"auto","background-attachment":"scroll","background-type":"","background-media":"","overlay-type":"","overlay-color":"","overlay-opacity":"","overlay-gradient":""},"tablet":{"background-color":"","background-image":"","background-repeat":"repeat","background-position":"center center","background-size":"auto","background-attachment":"scroll","background-type":"","background-media":"","overlay-type":"","overlay-color":"","overlay-opacity":"","overlay-gradient":""},"mobile":{"background-color":"","background-image":"","background-repeat":"repeat","background-position":"center center","background-size":"auto","background-attachment":"scroll","background-type":"","background-media":"","overlay-type":"","overlay-color":"","overlay-opacity":"","overlay-gradient":""}},"ast-content-background-meta":{"desktop":{"background-color":"var(--ast-global-color-5)","background-image":"","background-repeat":"repeat","background-position":"center center","background-size":"auto","background-attachment":"scroll","background-type":"","background-media":"","overlay-type":"","overlay-color":"","overlay-opacity":"","overlay-gradient":""},"tablet":{"background-color":"var(--ast-global-color-5)","background-image":"","background-repeat":"repeat","background-position":"center center","background-size":"auto","background-attachment":"scroll","background-type":"","background-media":"","overlay-type":"","overlay-color":"","overlay-opacity":"","overlay-gradient":""},"mobile":{"background-color":"var(--ast-global-color-5)","background-image":"","background-repeat":"repeat","background-position":"center center","background-size":"auto","background-attachment":"scroll","background-type":"","background-media":"","overlay-type":"","overlay-color":"","overlay-opacity":"","overlay-gradient":""}},"footnotes":""},"class_list":["post-608","page","type-page","status-publish","hentry"],"yoast_head":"<!-- This site is optimized with the Yoast SEO plugin v23.3 - https:\/\/yoast.com\/wordpress\/plugins\/seo\/ -->\n<title>wojew\u00f3dztwo zachodniopomorskie, powiat drawski - Jedli\u0144ski-Restrukturyzacja<\/title>\n<meta name=\"description\" content=\"Nieruchomo\u015b\u0107 rolna zabudowana kompleksem budynk\u00f3w o charakterze produkcyjno- magazynowym o \u0142\u0105cznej powierzchni 7,2488 ha, w tym teren zabudowany3,3415 ha, stanowi\u0105ca zorganizowan\u0105 cz\u0119\u015b\u0107 mienia przedsi\u0119biorstwa.\" \/>\n<meta name=\"robots\" content=\"index, follow, max-snippet:-1, max-image-preview:large, max-video-preview:-1\" \/>\n<link rel=\"canonical\" href=\"https:\/\/jedlinski-restrukturyzacja.pl\/?page_id=608\" \/>\n<meta property=\"og:locale\" content=\"en_US\" \/>\n<meta property=\"og:type\" content=\"article\" \/>\n<meta property=\"og:title\" content=\"wojew\u00f3dztwo zachodniopomorskie, powiat drawski - Jedli\u0144ski-Restrukturyzacja\" \/>\n<meta property=\"og:description\" content=\"Nieruchomo\u015b\u0107 rolna zabudowana kompleksem budynk\u00f3w o charakterze produkcyjno- magazynowym o \u0142\u0105cznej powierzchni 7,2488 ha, w tym teren zabudowany3,3415 ha, stanowi\u0105ca zorganizowan\u0105 cz\u0119\u015b\u0107 mienia przedsi\u0119biorstwa.\" \/>\n<meta property=\"og:url\" content=\"https:\/\/jedlinski-restrukturyzacja.pl\/?page_id=608\" \/>\n<meta property=\"og:site_name\" content=\"Jedli\u0144ski-Restrukturyzacja\" \/>\n<meta property=\"article:modified_time\" content=\"2024-08-15T14:51:18+00:00\" \/>\n<meta name=\"twitter:card\" content=\"summary_large_image\" \/>\n<meta name=\"twitter:label1\" content=\"Est. reading time\" \/>\n\t<meta name=\"twitter:data1\" content=\"3 minutes\" \/>\n<script type=\"application\/ld+json\" class=\"yoast-schema-graph\">{\"@context\":\"https:\/\/schema.org\",\"@graph\":[{\"@type\":\"WebPage\",\"@id\":\"https:\/\/jedlinski-restrukturyzacja.pl\/?page_id=608\",\"url\":\"https:\/\/jedlinski-restrukturyzacja.pl\/?page_id=608\",\"name\":\"wojew\u00f3dztwo zachodniopomorskie, powiat drawski - Jedli\u0144ski-Restrukturyzacja\",\"isPartOf\":{\"@id\":\"https:\/\/jedlinski-restrukturyzacja.pl\/#website\"},\"datePublished\":\"2024-08-15T14:49:13+00:00\",\"dateModified\":\"2024-08-15T14:51:18+00:00\",\"description\":\"Nieruchomo\u015b\u0107 rolna zabudowana kompleksem budynk\u00f3w o charakterze produkcyjno- magazynowym o \u0142\u0105cznej powierzchni 7,2488 ha, w tym teren zabudowany3,3415 ha, stanowi\u0105ca zorganizowan\u0105 cz\u0119\u015b\u0107 mienia przedsi\u0119biorstwa.\",\"breadcrumb\":{\"@id\":\"https:\/\/jedlinski-restrukturyzacja.pl\/?page_id=608#breadcrumb\"},\"inLanguage\":\"en-US\",\"potentialAction\":[{\"@type\":\"ReadAction\",\"target\":[\"https:\/\/jedlinski-restrukturyzacja.pl\/?page_id=608\"]}]},{\"@type\":\"BreadcrumbList\",\"@id\":\"https:\/\/jedlinski-restrukturyzacja.pl\/?page_id=608#breadcrumb\",\"itemListElement\":[{\"@type\":\"ListItem\",\"position\":1,\"name\":\"Strona g\u0142\u00f3wna\",\"item\":\"https:\/\/jedlinski-restrukturyzacja.pl\/\"},{\"@type\":\"ListItem\",\"position\":2,\"name\":\"wojew\u00f3dztwo zachodniopomorskie, powiat drawski\"}]},{\"@type\":\"WebSite\",\"@id\":\"https:\/\/jedlinski-restrukturyzacja.pl\/#website\",\"url\":\"https:\/\/jedlinski-restrukturyzacja.pl\/\",\"name\":\"Jedli\u0144ski-Restrukturyzacja\",\"description\":\"\",\"potentialAction\":[{\"@type\":\"SearchAction\",\"target\":{\"@type\":\"EntryPoint\",\"urlTemplate\":\"https:\/\/jedlinski-restrukturyzacja.pl\/?s={search_term_string}\"},\"query-input\":\"required name=search_term_string\"}],\"inLanguage\":\"en-US\"}]}<\/script>\n<!-- \/ Yoast SEO plugin. -->","yoast_head_json":{"title":"wojew\u00f3dztwo zachodniopomorskie, powiat drawski - Jedli\u0144ski-Restrukturyzacja","description":"Nieruchomo\u015b\u0107 rolna zabudowana kompleksem budynk\u00f3w o charakterze produkcyjno- magazynowym o \u0142\u0105cznej powierzchni 7,2488 ha, w tym teren zabudowany3,3415 ha, stanowi\u0105ca zorganizowan\u0105 cz\u0119\u015b\u0107 mienia przedsi\u0119biorstwa.","robots":{"index":"index","follow":"follow","max-snippet":"max-snippet:-1","max-image-preview":"max-image-preview:large","max-video-preview":"max-video-preview:-1"},"canonical":"https:\/\/jedlinski-restrukturyzacja.pl\/?page_id=608","og_locale":"en_US","og_type":"article","og_title":"wojew\u00f3dztwo zachodniopomorskie, powiat drawski - Jedli\u0144ski-Restrukturyzacja","og_description":"Nieruchomo\u015b\u0107 rolna zabudowana kompleksem budynk\u00f3w o charakterze produkcyjno- magazynowym o \u0142\u0105cznej powierzchni 7,2488 ha, w tym teren zabudowany3,3415 ha, stanowi\u0105ca zorganizowan\u0105 cz\u0119\u015b\u0107 mienia przedsi\u0119biorstwa.","og_url":"https:\/\/jedlinski-restrukturyzacja.pl\/?page_id=608","og_site_name":"Jedli\u0144ski-Restrukturyzacja","article_modified_time":"2024-08-15T14:51:18+00:00","twitter_card":"summary_large_image","twitter_misc":{"Est. reading time":"3 minutes"},"schema":{"@context":"https:\/\/schema.org","@graph":[{"@type":"WebPage","@id":"https:\/\/jedlinski-restrukturyzacja.pl\/?page_id=608","url":"https:\/\/jedlinski-restrukturyzacja.pl\/?page_id=608","name":"wojew\u00f3dztwo zachodniopomorskie, powiat drawski - Jedli\u0144ski-Restrukturyzacja","isPartOf":{"@id":"https:\/\/jedlinski-restrukturyzacja.pl\/#website"},"datePublished":"2024-08-15T14:49:13+00:00","dateModified":"2024-08-15T14:51:18+00:00","description":"Nieruchomo\u015b\u0107 rolna zabudowana kompleksem budynk\u00f3w o charakterze produkcyjno- magazynowym o \u0142\u0105cznej powierzchni 7,2488 ha, w tym teren zabudowany3,3415 ha, stanowi\u0105ca zorganizowan\u0105 cz\u0119\u015b\u0107 mienia przedsi\u0119biorstwa.","breadcrumb":{"@id":"https:\/\/jedlinski-restrukturyzacja.pl\/?page_id=608#breadcrumb"},"inLanguage":"en-US","potentialAction":[{"@type":"ReadAction","target":["https:\/\/jedlinski-restrukturyzacja.pl\/?page_id=608"]}]},{"@type":"BreadcrumbList","@id":"https:\/\/jedlinski-restrukturyzacja.pl\/?page_id=608#breadcrumb","itemListElement":[{"@type":"ListItem","position":1,"name":"Strona g\u0142\u00f3wna","item":"https:\/\/jedlinski-restrukturyzacja.pl\/"},{"@type":"ListItem","position":2,"name":"wojew\u00f3dztwo zachodniopomorskie, powiat drawski"}]},{"@type":"WebSite","@id":"https:\/\/jedlinski-restrukturyzacja.pl\/#website","url":"https:\/\/jedlinski-restrukturyzacja.pl\/","name":"Jedli\u0144ski-Restrukturyzacja","description":"","potentialAction":[{"@type":"SearchAction","target":{"@type":"EntryPoint","urlTemplate":"https:\/\/jedlinski-restrukturyzacja.pl\/?s={search_term_string}"},"query-input":"required name=search_term_string"}],"inLanguage":"en-US"}]}},"_links":{"self":[{"href":"https:\/\/jedlinski-restrukturyzacja.pl\/index.php?rest_route=\/wp\/v2\/pages\/608","targetHints":{"allow":["GET"]}}],"collection":[{"href":"https:\/\/jedlinski-restrukturyzacja.pl\/index.php?rest_route=\/wp\/v2\/pages"}],"about":[{"href":"https:\/\/jedlinski-restrukturyzacja.pl\/index.php?rest_route=\/wp\/v2\/types\/page"}],"author":[{"embeddable":true,"href":"https:\/\/jedlinski-restrukturyzacja.pl\/index.php?rest_route=\/wp\/v2\/users\/1"}],"replies":[{"embeddable":true,"href":"https:\/\/jedlinski-restrukturyzacja.pl\/index.php?rest_route=%2Fwp%2Fv2%2Fcomments&post=608"}],"version-history":[{"count":4,"href":"https:\/\/jedlinski-restrukturyzacja.pl\/index.php?rest_route=\/wp\/v2\/pages\/608\/revisions"}],"predecessor-version":[{"id":612,"href":"https:\/\/jedlinski-restrukturyzacja.pl\/index.php?rest_route=\/wp\/v2\/pages\/608\/revisions\/612"}],"wp:attachment":[{"href":"https:\/\/jedlinski-restrukturyzacja.pl\/index.php?rest_route=%2Fwp%2Fv2%2Fmedia&parent=608"}],"curies":[{"name":"wp","href":"https:\/\/api.w.org\/{rel}","templated":true}]}}